2*j - 3*j = -4172. Is p a composite number?
False
Let v be 9/(-12) - 182/56. Is 9/6 - ((-20535)/10 - v) composite?
True
Let i(g) = -g**2 - 7*g - 10. Let d be i(-5). Let m(a) = 6*a + d*a + 28*a + 41*a + 35. Is m(8) a composite number?
True
Suppose -5*s + 1485683 = 4*v, -7*s + 5*s = -9*v - 594305. Is s prime?
False
Suppose -8 = -c - 5*p, 2*c - p - p - 64 = 0. Suppose -5*y + 4*j = -6981, -5*y + 26*j + 6987 = c*j. Is y a composite number?
True
Suppose k - 5*o - 471413 = 0, 36*o + 471405 = k + 35*o. Is k composite?
False
Let c be (-36)/12 - (-1 - 2). Suppose w + 3*h = -c*h + 178, h - 3 = 0. Let p = -87 + w. Is p a prime number?
False
Suppose -627201 + 2396586 = 15*o. Is o prime?
True
Let y(d) = 16269*d**2 + 173*d + 1407. Is y(-8) a prime number?
True
Let g(y) be the first derivative of 303*y**2 - 89*y - 71. Is g(13) a prime number?
True
Let y(m) = -12*m**3 - 67*m**2 - 986*m - 82. Is y(-35) a composite number?
False
Suppose 0 = 3*m - h - 9, -2*h = 2*m - 0*m - 6. Suppose -m*g - 280 = g. Is g/(-2 + 25/13) + 1 a prime number?
True
Let f(z) = -6 + 6*z**3 - 13*z - 14*z**3 - 4*z + 2 + 8*z**2. Is f(-7) prime?
True
Suppose 3*u + 59125 = 3*c + u, 4*c = u + 78840. Let q = 28826 - c. Is q a composite number?
True
Let m be ((-260)/(-195))/((-2)/6*-2). Suppose 13*z - m*z = -4807. Let x = -252 - z. Is x composite?
True
Let j = -32856 - -46819. Is j a composite number?
False
Suppose -263*z = -4*b - 266*z + 643597, -b = -z - 160908. Is b a prime number?
True
Suppose 13093 - 5183 = r. Suppose -8*u + 25418 = -r. Is u composite?
True
Suppose -13*g + 342421 = -49022. Is g composite?
True
Let h = 450753 + -209164. Is h a prime number?
True
Suppose y - 6*y = 2*b - 295983, 4*b = 4*y - 236792. Is y composite?
False
Suppose 4*d - 102792 = -5*k + 2*k, 0 = -5*d + 5*k + 128490. Let y = d + 26051. Is y prime?
True
Suppose 0*j = -5*j - h - 1668, 0 = -3*j + 3*h - 990. Is j/6*(-14)/7 a prime number?
False
Suppose 0 = -8*p + 1866 + 702. Suppose -3*a = -p - 246. Let k = 338 - a. Is k a composite number?
False
Suppose 4*g - 2654290 = 2*y, g + 22*y = 17*y + 663622. Is g a composite number?
True
Is 18/33 - (-271984445)/935 a prime number?
False
Let u = -38 + -23. Let d = 78 + u. Suppose d*t - 20363 = 10*t. Is t a composite number?
False
Let s(l) = l**2 + l - 8. Let t be s(-4). Suppose -11 = t*b - 15. Suppose 384 = 2*c - h, -h = -b - 3. Is c prime?
False
Let w(n) = 23*n + 52. Suppose 8*u - 3*u = -d - 17, 0 = 4*u + 20. Suppose 0 = d*o - 2*o - 30. Is w(o) composite?
False
Is (15 - (-2985)/(-6))*(994/(-10) - 1) a prime number?
False
Suppose -220390 - 161672 = -6*g. Is g composite?
True
Let c be (-2)/3 - (-697376)/111. Suppose 35*a = 44*a - c. Is a composite?
True
Suppose 7202 + 17332 = 9*f. Let i = -1379 + f. Is i composite?
True
Let g(f) = 84*f + 69. Let z be g(18). Let k = 3424 - z. Is k a prime number?
False
Let a(f) be the second derivative of 139*f**3/2 - 41*f**2/2 + 5*f + 3. Is a(6) a prime number?
False
Let y = -1774 - -28233. Is y a composite number?
False
Let n = 82284 + 128918. Is n prime?
False
Suppose -1312*z + 1331*z - 9340913 = 0. Is z prime?
True
Suppose -17 = -6*x + 13. Suppose -3*y = 5*v - 6992, -5*y = -x*v - y + 6999. Is v a composite number?
False
Suppose 201*u = 206*u - 190. Suppose 41*x - 133449 = u*x. Is x composite?
False
Let m(c) be the second derivative of c**4/12 + c**3/3 + c**2/2 + 13*c. Let g be m(-3). Is (3868/(g + 0))/1 a prime number?
True
Suppose 26055 = 4*u + 5*u. Suppose -7697 + u = -5*h + 4*c, -3844 = -4*h + 4*c. Is h prime?
False
Suppose 20*n = 13 + 7. Is 48/16 - (-3488)/n a prime number?
True
Let p be ((-7)/(-21) - (-2)/(-6)) + 2. Suppose 0 = q + p, -3*t + 5*q = 13666 + 24097. Is ((-3)/9)/((-3)/t*-1) prime?
True
Let p(z) = 2327*z**2 + 47*z - 83. Is p(7) composite?
False
Suppose 1442491 + 122806 = 83*u. Is u composite?
False
Let g(n) = 22*n**3 - n**2 - 33*n + 17. Let j be (-4)/12 + (-176)/(-24). Is g(j) prime?
True
Let a(p) = 5239*p**2 - 106*p + 431. Is a(4) prime?
False
Let x(q) = -3*q - 14. Let i(r) = -7*r - 28. Let o(k) = -6*i(k) + 11*x(k). Let s = -17306 - -17313. Is o(s) a prime number?
False
Let y = 175 - 171. Suppose y*n - 39588 = -8*n. Is n composite?
False
Let j(o) = 244*o - 2. Let l(c) = -244*c + 3. Let f(n) = 5*n - 22. Let r be f(5). Let v(g) = r*l(g) + 4*j(g). Is v(7) composite?
False
Let x = 814 - 828. Is x + -9 + 14 - -3118 a composite number?
False
Let j = 7 - 5. Let b(p) = 3 + 2*p**j + 156*p**3 + 0*p**2 + 50*p**3 - 2. Is b(2) a composite number?
False
Let t = 77626 + 99567. Is t prime?
False
Suppose -5*q = -8*q + 24. Suppose 4590 = -7*p + q*p. Let g = 6473 - p. Is g a composite number?
True
Let f(p) = -15*p**2 + 7*p - 80. Let c be f(-6). Suppose 4*l = -15 - 1461. Let k = l - c. Is k composite?
False
Let o(x) = 9089*x + 51. Is o(2) composite?
False
Is (2345005/130)/((-2)/(-4)) composite?
True
Let c be 4*1/18 - 950/(-18). Is c - (-10 - 36/(-6)) a composite number?
True
Let q = 246 + -242. Suppose -24923 = -q*m + 5*b, 18678 = m + 2*m + b. Is m composite?
True
Let x = -38472 - -68889. Is x a prime number?
False
Let c(g) = 239*g**3 + 16*g**2 - 18*g + 184. Is c(7) a prime number?
False
Suppose -23131 = -260*v + 225*v + 85264. Is v prime?
False
Let i be 0 + 7 + (-3093)/(-1). Suppose -i - 1283 = -9*m. Is m a composite number?
False
Let t(n) = -795*n - 1. Let h(u) = -4*u**2 + 5*u**2 + 10*u - 11 - 3 + 2. Let y be h(-11). Is t(y) a prime number?
False
Suppose -5*v - 1930064 = -7*i, 4*i + 5*v - 669805 = 433128. Is i composite?
True
Let d = 114419 + -23226. Is d prime?
True
Let y = 33 + -29. Let o be ((-1 + -2)/(-1))/(3/y). Is -58*(10/25)/(o/(-145)) a composite number?
True
Is 1*(8 + (-137055)/(-1)) a composite number?
True
Suppose -88*w + 85*w + 5*f + 6871 = 0, 5*f + 2297 = w. Is w a composite number?
False
Let y(u) = 748*u - 183. Suppose 0 = -m + 14 - 13, -2*w = 5*m - 15. Is y(w) a composite number?
False
Let m = -2874 + 6832. Let u = m + 7393. Is u composite?
False
Suppose -150*j - 4*k + 40318 = -149*j, j - 40293 = k. Is j a composite number?
True
Let p(o) = -o**3 - 12*o**2 - 11*o + 2. Let n be p(-11). Suppose 4*x = 9*x - n*w - 6355, -4*w = -2*x + 2526. Is x prime?
False
Suppose 2*v - 2 = 0, 4*s - 4*v = 6*s + 6. Let h be 6 + 1/(s/20). Is (20/8 - 2) + 3/h a composite number?
False
Suppose 0 = 10*d - 169*d + 15023751. Is d composite?
True
Suppose 1680010 = 133*v - 5911231. Is v prime?
True
Suppose -3*h + 54 = -0*f - f, 2*f - 82 = -4*h. Suppose -h = 5*u - 39. Suppose j = u*k + 4*j - 1631, 0 = -2*k - 2*j + 816. Is k a composite number?
True
Suppose -6*k + 19 - 7 = 0. Suppose -19473 = -5*g + 2*n, 4*n - 2074 = -k*g + 5696. Is g a composite number?
True
Suppose -8*l + 2147686 + 564466 = 0. Is l a composite number?
True
Let u(y) = y**2 + 24*y + 396269. Is u(0) prime?
True
Suppose 0 = 4*q + 5*n - 55, -4 - 1 = q - 5*n. Suppose -q*a - 4480 + 123350 = 0. Is a prime?
True
Let s(o) = o**3 - 6*o**2 + 3*o + 28139. Is s(0) a composite number?
True
Let n(j) = -4 + 0 - 15 - 3*j. Let i be n(-6). Is 9975/20 + i/(-4) a prime number?
True
Suppose j + 10 = 2*r, -7*j = 5*r - 3*j + 1. Suppose -7*g - r*u = -3*g - 7525, 9398 = 5*g + u. Is g prime?
True
Let h(z) = -40774*z + 445. Is h(-30) a composite number?
True
Suppose 119*b + 2073555 = 149*b - 1161255. Is b composite?
False
Suppose 4*k = -31470 + 277966. Suppose -414*d = -418*d + k. Is d a composite number?
True
Let p(o) = -121*o**3 - 5*o**2 - 5*o - 14. Let j be p(-8). Suppose 5*m - j - 7097 = 0. Is m composite?
False
Suppose -263*i - 68344712 = -308101035. Is i prime?
True
Let j be 7 + 2 - ((-6)/(-6) - -4). Suppose 0 = -x - 5*n + 2484, 0 = j*x + 4*n + 175 - 10095. Is x prime?
False
Suppose 8*p = -2*p - 140. Let w(n) = -114*n - 53. Is w(p) prime?
True
Is (12*(-11)/(-44))/(3/(-193073))*-1 composite?
False
Suppose 4*m - 174 = 5*a, -5*a = 5*m - 6*a - 228. Suppose -2*f = -2*v - 1564, 1584 = 2*f - m*v + 48*v. Is f a prime number?
True
Suppose 50*h + 12*h - 1029386 = 0. Is h composite?
False
Let d be 6/9*6846/4. Suppose 3*o - d = 9932. Is o a prime number?
True
Let u(q) = -2*q**2 + 2. Let r(c) = -483*c**2 + 2*c - 7. Let n(o) = -r(o) - 3*u(o). Is n(-2) prime?
False
Suppose -26101 - 510444 = -5*f. Is f a composite number?
False
Let b(x) = -176669*x - 672. Is b(-7) a composite number?
True
Let g(f) = 32*f**3 + 4*f**2 - 9*f - 1